 (-20 + -7 + -19 + 16)?
10
What is the value of (67 - -6) + -32 + -23?
18
What is 2 - (3 - (-1 - -4)) - (106 + -112)?
8
Evaluate 9 - (0 + 2 + (-16 - -31)).
-8
Calculate 10 - -2 - ((15 - 11) + 5).
3
Evaluate (-52 - -25) + 9 + 3.
-15
Evaluate -8 + 4 + -1 + -2 + 4 + -3.
-6
What is 42 + 45 + -80 + 25?
32
What is (1 - 5) + 9 - (322 + -296)?
-21
28 - (-1 + 13 + (-4 - 4))
24
Evaluate 18 - (20 + (2 - 10)).
6
Calculate 862 + -851 - (22 - -1).
-12
What is the value of 12 + (-9 + (-3 - -9) - 17)?
-8
What is the value of 0 + 2 - 1 - -20 - (-40 - -47)?
14
Calculate -10 - (-37 + 41 + (1 + -5 - -1)).
-11
What is the value of -32 + 15 + (-8 - 1)?
-26
Evaluate (-1 - 3 - (-9 + 0)) + 7 + -23.
-11
13 + 0 + -11 + -9 - (-20 - -1)
12
33 - 3 - (-3 + 5 - -4)
24
What is (-43 - -12 - -22) + -20 + 5?
-24
Calculate -2 - 9 - ((1 - -14) + -12 + -19).
5
Evaluate -134 + 132 - (2 + (-2 - 1) + 11).
-12
What is 36 + (-2 - 5 - 7 - -4) - 5?
21
What is the value of (-20 - -38) + -2 - -6?
22
What is ((-4 - 0) + -4 - 8) + 36?
20
Evaluate (-2 + 2 - -3) + (-195 - -201).
9
What is the value of (12 + 23 - 51) + -9 + -1?
-26
Evaluate -95 + 72 - (0 - 31).
8
What is the value of -6 + 12 + -7 - (3 + 2 + -3)?
-3
Evaluate -231 + 207 - (-10 + -2).
-12
What is (-2 - (2 - 11)) + -3 - (-3 + 6)?
1
What is the value of 4 + 1 + 10 - (0 - 1)?
16
What is 64 + -60 - (3 + -9)?
10
Evaluate 331 + -327 - (0 + 1).
3
Evaluate 33 + (57 - 94) - ((7 - 2) + 2).
-11
What is the value of -20 + 18 + 3 + -8?
-7
What is -30 - -33 - (7 - 20)?
16
Calculate (0 - -2 - -8) + (18 - 40).
-12
Evaluate 2 + 11 - 25 - -14.
2
Evaluate (1 - -30) + -15 - 18.
-2
-25 + 40 + -31 + 5
-11
Calculate 11 - 41 - -40 - 26.
-16
(2 - -6) + 5 + -6 - (-3 + 2)
8
What is 22 + -15 + 16 + -15?
8
What is (6 - 7) + 4 + -8 + -1 + -2?
-8
What is the value of 0 + 4 + -9 + (-26 - -11)?
-20
Evaluate -16 - (-29 - (9 - 14)).
8
What is the value of 12 - (0 - (9 + (-18 - -5)))?
8
What is -16 + -27 + 54 - 0?
11
What is 6 - (-26 - 3) - 45?
-10
-5 - 1 - (19 - 29)
4
What is the value of (5 - (13 + -2)) + -6 + -8?
-20
1 + -6 + (-10 - -13) + 12
10
What is the value of (17 - 7 - -4) + -30?
-16
Evaluate -3 + 10 + (2 - 6 - -1).
4
What is the value of -1 + 2 + -12 - (-1080 - -1067)?
2
What is the value of -22 - (6 - 30) - 21?
-19
What is 22 + -1 + -19 + (-1 - -16)?
17
Calculate (6 - (22 + 10)) + 29.
3
Evaluate 35 + -41 + -14 + (-2 - (1 + -11)).
-12
Evaluate 2 - (16 - 4) - -4.
-6
What is the value of 3 - (-3 - 6) - (-6 - 1)?
19
What is (-1 - -2 - 5) + (18 - 8 - 16)?
-10
What is 2 + 0 + -14 + (-2 - -1)?
-13
What is the value of -7 - (15 - 2 - 9)?
-11
Calculate (-1 - -4) + (-22 - -14) - 14.
-19
Evaluate 5 - (18 + -3) - ((0 - 2) + -2).
-6
Calculate 21 - (40 - -1) - (-1 - 1).
-18
Calculate 0 - (-23 - (13 - 25)).
11
Calculate (0 - -4) + (-10 - (-5 - -2)).
-3
What is the value of 3 + (-6 - -1) + (7 - 0 - 6)?
-1
Calculate (-3 + 17 + (-9 - -1) - 7) + 8.
7
Calculate -2 + 1 + 2 + -2 + (109 - 122).
-14
What is the value of (30 - 17) + 4 - 8?
9
What is the value of -3 - -3 - -2 - 5 - (30 - 27)?
-6
Evaluate -3 - (-2 - (-11 + 3 - -16)) - 14.
-7
What is 4 - 8 - (2 + -13 - (-24 + -3))?
-20
Evaluate (-3 - (16 - 22)) + -5 + 1 - 9.
-10
Calculate (-21 - -13) + 2 + 2 + 12 + -2.
6
Calculate -48 - (28 + -35) - -22.
-19
Calculate -3 - (-20 + 7 + 15) - 16.
-21
What is 1 - (7 + -3 + 14 + -6 + -11)?
0
What is 19 - 21 - (-7 + 7) - -22?
20
-12 + (8 - -32) + -19
9
What is 13 + (0 - -4 - 6)?
11
-8 + 15 - -8 - (-4 + 34)
-15
Calculate -2 + -2 + 9 - (2 - -10).
-7
Evaluate -16 + -10 - (16 + -38).
-4
Calculate (2 - -9) + -3 + -4 - 3.
1
What is -36 - (19 - 63) - 30?
-22
Calculate 0 + 0 - (-27 - -13 - -10).
4
What is the value of -192 + 168 + (-4 + (5 - -3) - 3)?
-23
Calculate (-2 - 1 - -34) + (-38 - (-25 + -4)).
22
Evaluate (-10 - -48) + (-52 - -24).
10
What is (0 - ((1 - -6) + -2)) + 13?
8
Evaluate -67 + -2 - (-550 + 511).
-30
Evaluate (-2 + 6 - 8) + (0 - 2 - -19).
13
Calculate -6 - (-17 - (12 - 4) - (-7 - -1)).
13
-5 + 6 + -4 + 5 + -7 + 1
-4
What is 402 + -408 + (13 - -8) + -1 + 0?
14
Calculate (48 - 42) + -1 + -2 - -3.
6
5 + -12 + -20 + 64
37
What is the value of (-1 - (2 - -7) - -5) + (-2 - 2)?
-9
Calculate 4 + 4 - 3 - (-11 - -16) - 2.
-2
What is the value of -7 - ((0 - -1) + -7 + (11 - 9))?
-3
Evaluate 20 - ((19 - 9 - -4) + -6 - 9).
21
What is the value of (3 - (7 + 1)) + -3 - (17 - 7)?
-18
Evaluate -14 - -4 - (-2 - 1).
-7
Calculate 11 + (31 - 21) + -5.
16
What is -15 + -3 + (2 + -7 - -27)?
4
What is the value of (0 + -5 - (-2 + 2)) + (-46 - -40)?
-11
Calculate -14 + (3 - 6 - 3 - -1).
-19
3 + (-5 - -4 - -10)
12
Evaluate (18 - (17 - 17)) + -3.
15
Calculate (-10 - (16 + -33)) + (0 - 11).
-4
(-19 - -16) + (1 - -1) + -21
-22
Evaluate 2 + (73 - 44) + -12 + 1.
20
What is the value of 1518 - 1504 - (-10 - 2 - -2)?
24
What is the value of (14 - 41) + 11 + 12?
-4
(-8 - (-18 - -3)) + 41 + -16
32
Calculate -16 - (-23 + 4) - (-12 + 0 + 3).
12
What is the value of -15 + 17 + -10 + 0 + 6 + 17?
15
What is (-7 - -20) + 3 + -19?
-3
-1 + 3 + 21 - (710 + -719)
32
Evaluate (-1 + 5 - 5) + 21.
20
What is the value of -19 + 23 + 13 + -21?
-4
Evaluate 10 + -29 + (-3 - 0) + (-27 - -38).
-11
What is the value of (2 - (-6 + 1)) + 1 - (33 - 4)?
-21
Calculate 2 - 4 - (-1 + 21 - (10 - 2)).
-14
Calculate (0 - 2) + (-26 - -48 - 13) - -6.
13
Calculate 4 + -10 + 5 + (55 - 56).
-2
Calculate -196 + 204 + (-41 - -2).
-31
Calculate -15 + -9 + 8 - -31.
15
What is the value of -10 + 3 + -1 + (1 - 6)?
-13
Evaluate -2 + -4 - (-2 - -1 - -5).
-10
Calculate (-15 - 0) + 20 + -26.
-21
What is -29 + 70 + -35 + 22?
28
183 + -191 - (1 - 23)
14
Evaluate -4 - -13 - 4 - (-11 + 4 - 4).
16
What is 3 + (2 - 20 - -11 - (-3 - 38))?
37
What is 3 - -2 - 16 - -8?
-3
6 + -28 + 23 - 22
-21
What is the value of 8 + -21 - 13 - -8 - -4?
-14
What is 9 - (6 + (-17 - -28))?
-8
Evaluate (254 - 250) + -24 + 3.
-17
What is -69 - -120 - (32 - 8)?
27
Calculate (-44 - -28) + 23 + 6 + 0.
13
Calculate -9 - -18 - -2 - 37.
-26
What is -2 + 9 - (0 + -15)?
22
Evaluate 8 + (-7 + 2 - (-3 + 0)).
6
Evaluate 26 - (-66 + 26 - -65).
1
Evaluate (1 - -3) + (2 - (-7 + 7)).
6
47 - 19 - (2 + 6)
20
Calculate 15 - (-6 - (-2 - (-17 - -46))).
-10
Evaluate -2 - (0 + -5 + 1 + -3 - -6).
-1
What is 1 - (10 + 4) - -10?
-3
Calculate -13 + (-21 - -2 - -12) - -1.
-19
Calculate 6 + (-3 - 5 - -7) + 4.
9
Calculate 4 - 11 - (24 - (21 + -7) - 6).
-11
0 + -17 + (30 - 25) + 6
-6
Calculate 26 + (-44 - -34) + -46.
-30
27 + (-8 - (-28 + 45))
2
(0 - 4 - (4 - (13 - -1))) + -2
4
What is 23 + -7 + (7 + -17 - -8)?
14
What is 4 - 10 - (-1 - -2 - 15) - 3?
5
What is the value of (-8 - (12 + -8)) + -4 + 10 + 1?
-5
What is the value of (0 + -2 - (-69 - -68)) + (10 - 4)?
5
6 - (-6 - (-6 + 12 + -10))
8
Calculate -4 - -2 - (2 - ((-7 - -2) + 5)).
-4
Evaluate 10 + -19 + -4 + 8 + -6.
-11
What is the value of 19 + -70 - (-11 + -2 + -5)?
-33
Evaluate -1 + -1 - (-418 - -418).
-2
Evaluate (9 + -17 + (2 - 1) - -24) + -4.
13
2 + -31 + -26 + 31
-24
What is the value of 1 + -31 + 161 + -135?
-4
Calculate -7 + (-7 - -12) + 3 + -5.
-4
Calculate -5 - (-17 + -7 + (5 - -9)) - -3.
8
Evaluate -18 + 12 - ((1 - -1) + 1 + -14).
5
(0 - -30) + (-37 - -15)
8
What is the value of (13 - 3) + 4 - (39 + -25 - 20)?
20
Calculate -8 + (-1 - (-3 - -9)) - -8.
-7
Calculate -137 + 142 - ((0 - 0 - -14) + -2).
-7
Calculate -16 + (13 + 9 - 11).
-5
What is the value of -1 + 26 - (-2409 - -2392)?
42
What is (-10 - -25) + (8 - (18 - 1))?
6
What is the value of (229 - 220 - (-2 + 3 - 15)) + -1?
22
Calculate 106 + -136 + (36 - -3).
9
38 - 4 - (148 - 119)
5
-27 + 3 + 21 + 20
17
Calculate 24 - (10 + -4) - 14 - (0 - -1).
3
Evaluate -1 + (-4 - -2 - (13 - 14 - -3)).
-5
What is 12 + (-4 - 8) + 9?
9
What is the value of -4 + (1 - -7) + -13 + (2 - 7)?
-14
What is -47 - (-22 + -16 + 1)?
-10
Evaluate (18 + 0 - (-3 - -4)) + (-25 - -26).
18
What is (9 - (21 - -1)) + 17 + -4 + -10?
-10
What is the value of 12 - 30 - ((7 - 11) + -4)?
-10
10 - (-28 - -13 - -13)
12
Evaluate 2 + -1 + -11 - (4 + -12).
-2
11 - (-11 - -33 - 3)
-8
Calculate 15 + (-30 + 14 - -5).
4
What is 20 - (-1 + 7 + 2 + 197 + -205)?
20
185 - 203 - (-2 + -23)
7
What is -22 + (-12 - (-36 - -5))?
-3
Calculate -3 + -9 + 9 + 11.
8
4 + 0 - (9 + 9 + -5 + -2)
-7
Evaluate (16 - 7 - -1) + (6 - 17).
-1
Evaluate 2 + -36 + -371